In base 4, what is 133 - 212130?
-211331
In base 7, what is 11222 - 10?
11212
In base 8, what is 4 + -453045?
-453041
In base 11, what is -a0 + 80a?
71a
In base 3, what is 0 - 2210021220?
-2210021220
In base 2, what is 1101000101111100001 + -1?
1101000101111100000
In base 14, what is -aa6 + b?
-a99
In base 3, what is -21210 + 101122?
2212
In base 9, what is -40 - 262?
-312
In base 6, what is -30 + -200541?
-201011
In base 2, what is 100 + -11100011010001111?
-11100011010001011
In base 14, what is -703d + 12?
-702b
In base 8, what is -2 + -72713?
-72715
In base 4, what is -211120210 + -3?
-211120213
In base 6, what is -203 - 2210?
-2413
In base 3, what is 2 + 20221020?
20221022
In base 4, what is -30 + 30112320?
30112230
In base 3, what is -220 - 2022101?
-2100021
In base 7, what is 10 - -140145?
140155
In base 13, what is -119826 - 0?
-119826
In base 10, what is -7 - -223?
216
In base 6, what is 154 - -100133?
100331
In base 5, what is 1320330 + -4?
1320321
In base 16, what is 8 - 45a1?
-4599
In base 14, what is 4085a8 + 5?
4085ad
In base 2, what is 101 - -11000101000101111?
11000101000110100
In base 7, what is 21216 + -25?
21161
In base 8, what is 1143665 - -26?
1143713
In base 5, what is 4414 - -130?
10044
In base 12, what is 2 + -6932?
-6930
In base 13, what is -3 - -1c0bb?
1c0b8
In base 13, what is 1a2 - -c8?
29a
In base 12, what is -72 - 55?
-107
In base 5, what is 10 + -110324?
-110314
In base 6, what is -42230 - 2?
-42232
In base 9, what is 27227 - -27?
27255
In base 5, what is 114 - -141244?
141413
In base 2, what is 100001011 + -10110?
11110101
In base 3, what is 1111000 - 112211?
221012
In base 7, what is -243435 - 106?
-243544
In base 8, what is -2765 - -3213?
226
In base 10, what is 10704206 + -1?
10704205
In base 3, what is -20211012212111 - 1?
-20211012212112
In base 12, what is 1 - -273450?
273451
In base 14, what is -32 + 16?
-1a
In base 5, what is -1241403 + -1?
-1241404
In base 12, what is -208 + 3?
-205
In base 2, what is 1011010111111 + 100?
1011011000011
In base 5, what is 123 + 113134?
113312
In base 7, what is -410 + 30610?
30200
In base 7, what is 2255520 + 5?
2255525
In base 3, what is 101110 + 10002?
111112
In base 4, what is -1211302 - 2202?
-1220110
In base 15, what is 2 - -5c735?
5c737
In base 9, what is 44471 - -161?
44642
In base 15, what is 145253 + 2?
145255
In base 6, what is 102032 + -322?
101310
In base 16, what is 0 + 25b4?
25b4
In base 12, what is 558 + 254?
7b0
In base 4, what is 1201211012 + -1?
1201211011
In base 6, what is -51012 - -135?
-50433
In base 14, what is 3 - -156a8?
156ab
In base 5, what is 23024 + 141?
23220
In base 6, what is -524 - -1515?
551
In base 8, what is -117 - -425?
306
In base 16, what is -5 + 1e84?
1e7f
In base 16, what is -1 - 22ee1?
-22ee2
In base 6, what is 301202 - 42?
301120
In base 5, what is 424113421 + 4?
424113430
In base 5, what is 22144243 - -10?
22144303
In base 13, what is 2619 - -32?
264b
In base 9, what is 14746 - 3?
14743
In base 14, what is -66 - -167?
101
In base 15, what is -1a6 - -587?
3d1
In base 5, what is -1022 + -4110?
-10132
In base 15, what is -39b43 + -c?
-39b50
In base 15, what is -74197a + 4?
-741976
In base 7, what is -315643 + 3?
-315640
In base 7, what is -3035500 - 35?
-3035535
In base 12, what is 116ab + 5?
116b4
In base 10, what is 6191 - -18?
6209
In base 3, what is -1 - 1102110201211?
-1102110201212
In base 4, what is 12102 - 331?
11111
In base 7, what is -166366 - -33?
-166333
In base 13, what is 1b5 + 2c?
214
In base 13, what is -1c0 - 379b?
-398b
In base 8, what is -57 + 11645?
11566
In base 5, what is 4 + -44022?
-44013
In base 8, what is 23 + 540?
563
In base 7, what is -4 - -35402?
35365
In base 16, what is b - 2866?
-285b
In base 14, what is -3 - -32a69?
32a66
In base 7, what is 0 - 5362?
-5362
In base 11, what is -68100 + -2?
-68102
In base 16, what is 1 + 4fbb?
4fbc
In base 13, what is 14472 - 54?
1441b
In base 6, what is 115202521 - 5?
115202512
In base 6, what is -3303 - -5001?
1254
In base 3, what is -20101112202110 - -1?
-20101112202102
In base 4, what is -3202301 + 21?
-3202220
In base 13, what is 1 - 37cb?
-37ca
In base 15, what is 5 + 2a6b?
2a71
In base 7, what is 3663 + -136?
3524
In base 3, what is -1122121 - 2201?
-1202022
In base 4, what is -11 - -331013231?
331013220
In base 10, what is -1 - 125223?
-125224
In base 6, what is 334023 - 32?
333551
In base 4, what is 0 + 3313313?
3313313
In base 2, what is 110001 + 110001001001000?
110001001111001
In base 7, what is -1 + 1051521?
1051520
In base 7, what is -101 + 25036?
24635
In base 9, what is -3 + 65644?
65641
In base 7, what is -1263452 - -4?
-1263445
In base 13, what is 9 + -29194?
-29188
In base 13, what is 12 + -3cc0?
-3cab
In base 11, what is 8480 - -1?
8481
In base 6, what is 215354522 - -4?
215354530
In base 2, what is -1 + -101010100001011?
-101010100001100
In base 15, what is -18cd - -c5?
-1808
In base 13, what is 4 - -18439?
18440
In base 16, what is -2 + -235bb?
-235bd
In base 13, what is -b9b80 + 2?
-b9b7b
In base 4, what is -11 + -101010201?
-101010212
In base 11, what is -1818912 - -2?
-1818910
In base 5, what is 2100 - -10?
2110
In base 6, what is -15014530 + 3?
-15014523
In base 4, what is 2323202 - 0?
2323202
In base 12, what is -5 + -98a1?
-98a6
In base 11, what is 361093 - 3?
361090
In base 5, what is 10 + -33003232?
-33003222
In base 7, what is -2 + -43425?
-43430
In base 2, what is -101 + 1000101001011101?
1000101001011000
In base 16, what is -7957 - -6?
-7951
In base 7, what is 32541 + -3?
32535
In base 12, what is 96b14 + 1?
96b15
In base 4, what is 20 - -20320121?
20320201
In base 4, what is -132002 - 0?
-132002
In base 3, what is 100222 + 11002?
112001
In base 10, what is 2 + -5827?
-5825
In base 10, what is 0 - -976?
976
In base 9, what is 4023 + 15?
4038
In base 11, what is 2 + 1a310?
1a312
In base 6, what is 0 + 23142041?
23142041
In base 7, what is -5 - -12650653?
12650645
In base 6, what is -114501 + -3?
-114504
In base 14, what is -1a + -226ad?
-226c9
In base 5, what is -2112022 + 104?
-2111413
In base 15, what is -128 + 254?
12b
In base 12, what is 20 + -5926?
-5906
In base 4, what is 2 - 1212200?
-1212132
In base 3, what is -11012010 - -2102?
-11002201
In base 15, what is 34 + 12204?
12238
In base 6, what is 25325 - 2025?
23300
In base 10, what is 547 - -67?
614
In base 3, what is 1002011 - -20120?
1022201
In base 8, what is -30353 - 122?
-30475
In base 12, what is 3b7 - a5?
312
In base 8, what is 1 + 162466?
162467
In base 8, what is 36667 + -3?
36664
In base 2, what is -1011111 + 111011?
-100100
In base 2, what is 100100101011011 - -100?
100100101011111
In base 15, what is -2a2a - -4b?
-29ce
In base 6, what is -1211053 + 143?
-1210510
In base 6, what is 4 - 1301550?
-1301542
In base 9, what is 11 + -20553?
-20542
In base 6, what is 3 + 20014?
20021
In base 12, what is -593a42 + -4?
-593a46
In base 11, what is 2a1 - 6?
296
In base 7, what is 45044 + -120?
44624
In base 12, what is 26855 - -6?
2685b
In base 11, what is 6 + 5678?
5683
In base 9, what is -1 - 44824?
-44825
In base 6, what is 3 - 20404305?
-20404302
In base 12, what is -36 - -18b5?
187b
In base 11, what is -31 + 6438?
6407
In base 11, what is -5656a5 - 2?
-5656a7
In base 9, what is -788 + -822?
-1721
In base 14, what is -91 - -427?
376
In base 8, what is 2305713 - -1?
2305714
In base 11, what is 5616 - -2?
5618
In base 11, what is 72324 - -14?
72338
In base 16, what is -7a + -a44?
-abe
In base 14, what is -9 - 67d36?
-67d41
In base 2, what is 10 + 101110100001001010?
101110100001001100
In base 2, what is -11000011010111000 + -11?
-11000011010111011
In base 14, what is 4 - -99d4?
99d8
In base 3, what is 2112001 + 122?
2112200
In base 10, what is -6686 - -22?
-6664
In base 10, what is 171422 + -4?
171418
In base 8, what is 0 - 172050?
-172050
In base 10, what is 163 + 25603?
25766
In base 16, what is 1 + 80014?
80015
In base 13, what is -22712 - 3?
-22715
In base 14, what is 1c + -70?
-52
In base 7, what is 1003345 - 2?
1003343
In base 5, what is -102441 + 122?
-102314
In base 3, what is 1001220210 - 2?
1001220201
In base 3, what is -211121220 + -110?
-211122100
In base 2, what is -1 - 110100010110100110?
-110100010110100111
In base 14, what is -1c - 7da?
-818
In base 7, wha